{"id":308,"date":"2012-04-16T13:40:13","date_gmt":"2012-04-16T13:40:13","guid":{"rendered":"http:\/\/harmoniedemeung.fr\/?page_id=308"},"modified":"2012-04-18T14:45:50","modified_gmt":"2012-04-18T14:45:50","slug":"videos","status":"publish","type":"page","link":"http:\/\/harmoniedemeung.fr\/?page_id=308","title":{"rendered":"Vid\u00e9os"},"content":{"rendered":"<h1>Acc\u00e8s direct \u00e0 toutes les vid\u00e9os<\/h1>\n<p>(par playlist)<\/p>\n<p><a href=\"http:\/\/www.youtube.com\/user\/harmoniedemeung\/featured\" target=\"_blank\">http:\/\/www.youtube.com\/user\/harmoniedemeung\/featured<\/a><\/p>\n<p><code><br \/>\n<\/code><\/p>\n","protected":false},"excerpt":{"rendered":"<p>Acc\u00e8s direct \u00e0 toutes les vid\u00e9os (par playlist) http:\/\/www.youtube.com\/user\/harmoniedemeung\/featured<\/p>\n","protected":false},"author":1,"featured_media":0,"parent":14,"menu_order":0,"comment_status":"closed","ping_status":"open","template":"","meta":{"jetpack_post_was_ever_published":false,"footnotes":""},"class_list":["post-308","page","type-page","status-publish","hentry"],"jetpack_sharing_enabled":true,"jetpack_shortlink":"https:\/\/wp.me\/P4knKx-4Y","_links":{"self":[{"href":"http:\/\/harmoniedemeung.fr\/index.php?rest_route=\/wp\/v2\/pages\/308","targetHints":{"allow":["GET"]}}],"collection":[{"href":"http:\/\/harmoniedemeung.fr\/index.php?rest_route=\/wp\/v2\/pages"}],"about":[{"href":"http:\/\/harmoniedemeung.fr\/index.php?rest_route=\/wp\/v2\/types\/page"}],"author":[{"embeddable":true,"href":"http:\/\/harmoniedemeung.fr\/index.php?rest_route=\/wp\/v2\/users\/1"}],"replies":[{"embeddable":true,"href":"http:\/\/harmoniedemeung.fr\/index.php?rest_route=%2Fwp%2Fv2%2Fcomments&post=308"}],"version-history":[{"count":14,"href":"http:\/\/harmoniedemeung.fr\/index.php?rest_route=\/wp\/v2\/pages\/308\/revisions"}],"predecessor-version":[{"id":327,"href":"http:\/\/harmoniedemeung.fr\/index.php?rest_route=\/wp\/v2\/pages\/308\/revisions\/327"}],"up":[{"embeddable":true,"href":"http:\/\/harmoniedemeung.fr\/index.php?rest_route=\/wp\/v2\/pages\/14"}],"wp:attachment":[{"href":"http:\/\/harmoniedemeung.fr\/index.php?rest_route=%2Fwp%2Fv2%2Fmedia&parent=308"}],"curies":[{"name":"wp","href":"https:\/\/api.w.org\/{rel}","templated":true}]}}